inder when g(112) is divided by 582.
4
Let z(l) = 4*l**2 + l - 5. Let a be (0 - (-4)/5)/((-14)/175). Let q = a - -27. Calculate the remainder when z(-4) is divided by q.
4
Let u = 16 - 14. Suppose -2644 = -4*l - 3*j, -4*l + 2628 = -u*j - 36. Calculate the remainder when l/14 - (160/(-35) - -5) is divided by 16.
15
Let m = 644 - 631. Let g(k) = k + 10. Calculate the remainder when g(13) is divided by m.
10
Suppose 3*h = -s + 2*s + 446, 0 = -4*h - 5*s + 620. Calculate the remainder when h is divided by 85 - (-6 - (860/(-60) + 2/6)).
73
Let g be 541/(1 - 0) - (4 - 2). Calculate the remainder when 124 is divided by ((-18)/21)/((-7)/g).
58
Suppose 4*m + 1 = 5*m. Suppose -2*i = 3*w + 2, 2*i + 3 = -2*w - m. Suppose -25 = -5*d, -j + 3 + 9 = -w*d. Calculate the remainder when j is divided by 5.
2
Let f(z) = 10*z + 128. What is the remainder when f(-9) is divided by ((-2)/(0 - -6))/((-19)/741)?
12
Suppose 3*c - 12 = -c. Let a(l) be the third derivative of 3*l**5/20 - l**4/6 + 2*l**3/3 + 7*l**2. What is the remainder when a(c) is divided by 15?
13
Let j(i) = -42*i**2 + 97*i + 1. What is the remainder when j(2) is divided by ((-2)/4)/(2/(-12))?
0
Suppose 0 = -7*l - 3*l + 80. Let s = -53 - -86. Calculate the remainder when -5*(-3)/(45/s) is divided by l.
3
Suppose 12*n - 162096 = -4*c, 2*n - 4*c - 33305 = -6261. Calculate the remainder when n is divided by 8.
6
Suppose 14*i + 7120 = 92. Let u = 733 + i. Calculate the remainder when u is divided by 81.
69
Let j = -54 + 69. Let p = -1403 - -1716. What is the remainder when p is divided by j?
13
Calculate the remainder when 119*(-11)/(1771/(-230)) is divided by 133.
37
Let h = 11145 - 11125. Calculate the remainder when 1436 is divided by h.
16
Suppose -4*i + 36 = -6*w + 2*w, -i = 5*w + 9. Let t = 1190 - 1173. Calculate the remainder when t is divided by i - (-1 + -3 + 0).
7
Let n = -10978 - -11475. Calculate the remainder when n is divided by 172.
153
Let h = 26229 + -71417. Let b be (-4)/(-30) - h/390. Suppose -2*d + 3*y + 52 = 0, -3*y - b = -3*d - d. What is the remainder when 95 is divided by d?
31
Suppose 3*v = 98 + 58. Let l(h) = h**3 + 7*h**2 - 65*h - 4. Let n be l(-12). What is the remainder when v is divided by ((-78)/(-91))/(3/n*1)?
4
Suppose -6*t - 1036 + 1360 = 0. What is the remainder when t is divided by 25/5*42/10?
12
Let a(l) = -l**2 - 27*l - 49. Let f be a(-27). Calculate the remainder when 96 is divided by 4/1 + -3 - (f + 1).
47
Let l(o) = -9*o - 29. Let d(k) = -47*k - 143. Let s(r) = 2*d(r) - 11*l(r). Calculate the remainder when 264 is divided by s(4).
52
Let u be -61 + 4 - (2 + 6/(-1)). Let c = u + 102. What is the remainder when c is divided by 14?
7
Let v be 29/((-232)/1920)*2/5. Let b = 235 + v. Calculate the remainder when b is divided by 10.
9
Let c = -6343 + 3693. What is the remainder when c/(-12) + (-35)/(-210) is divided by 70?
11
Let w = 7729 - 6429. Calculate the remainder when w is divided by 42.
40
Suppose 113 - 23 = 5*k. Suppose 0 = 20*a - k*a - 480. Suppose -7*v = -10*v + a. What is the remainder when v is divided by 21?
17
Let x(c) = 213*c**2 + 3*c - 3. Let z = 505 + -504. What is the remainder when x(z) is divided by 31?
27
Suppose 2*r + 2*x = -13 + 5, 4*r - x = 4. Let m(z) = z + 50. What is the remainder when m(r) is divided by (11 + 3)/(0 - -1) + 5?
12
Suppose 50 + 16 = -5*z - 2*t, 2*z + 5*t + 39 = 0. Let n(p) = -21*p - 2. What is the remainder when n(z) is divided by 18?
16
Suppose -4*v + 2*x + 454 + 104 = 0, 4*v - 567 = 5*x. Suppose 10*q - 8*q = v. What is the remainder when q is divided by 7?
6
Let p be 8/2 - (-5 + 4). Suppose 0 = -p*r + 125. Suppose 26 = x - 123. Calculate the remainder when x is divided by r.
24
Let r(m) = 24*m**2 - 9*m - 2. Calculate the remainder when 1974 is divided by r(1).
11
Let x(h) = -247*h - 1606. Calculate the remainder when 245 is divided by x(-7).
122
Let t(m) = 3*m - 4. Let k be t(3). Suppose -3*z + 8*z - g - 65 = 0, 4*z + k*g - 52 = 0. Calculate the remainder when 49 is divided by z.
10
Suppose 51200 = -23*o + 52304. Calculate the remainder when 1093 is divided by o.
37
Let p(u) = 2*u**3 + 36*u**2 + 87*u - 16. What is the remainder when 462 is divided by p(-15)?
27
Let h = 407 - -1378. Calculate the remainder when h is divided by 12.
9
Suppose m - 3 = -2*v + 2, 0 = -4*m - 3*v - 5. Let p be m/(105/429) + 8/(-14). What is the remainder when 78 is divided by 231/6 + (p/(-2))/7?
38
Suppose 30*w + 27874 = 107*w. What is the remainder when w is divided by 178?
6
Calculate the remainder when (-418)/(-4) + 15*9/(-54) is divided by 82.
20
Let w(j) = 29*j**2 + j - 1. Let s = -652 + 668. Calculate the remainder when w(1) is divided by s.
13
Suppose 7 = 20*y + 7. Suppose -3*h + 113 + 34 = y. Calculate the remainder when h is divided by 13.
10
Let z(a) = -7*a - 250. Let x be z(-36). Suppose x*f + 2*f = 4*k + 540, 4*f - 522 = -5*k. Calculate the remainder when f is divided by 14.
7
Let f(i) = 141 - 4*i - 5*i**2 + 3*i - 4*i - 132 + i**3. Let p be f(6). Let r = p - -81. Calculate the remainder when r is divided by 14.
12
Let f(n) = -n**3 - 8*n**2 + 56*n + 191. What is the remainder when 209 is divided by f(-12)?
19
Suppose -g - 305 = 3*j - 64, 166 = -2*j - 2*g. Let o = 4718 + -4785. Let b = o - j. Calculate the remainder when b is divided by 5.
2
Suppose 2319*h + 348 = 2320*h. What is the remainder when h is divided by 54?
24
Suppose 2*o = -2*o + 36. Suppose b + 2*j = 26, -o = -j + 4*j. Let x(s) = -14*s**3 + 16*s**2 + 14*s - 3. What is the remainder when b is divided by x(-1)?
6
Let r = 28792 + -28650. Calculate the remainder when 197 is divided by r.
55
Let d = 24447 + -24274. Suppose 0 = 9*z - 4*z - 80. Calculate the remainder when d is divided by z.
13
Let t(k) = -34*k**3 - 1. Calculate the remainder when 166 is divided by t(-1).
1
Suppose 60 = 2*a - 4*y, 2*y + 90 = 3*a - 0*y. Let z(b) = -15*b + 177. Let j be z(16). Let i = j + 242. Calculate the remainder when i is divided by a.
29
Let k = 23524 - 23430. Calculate the remainder when 528 is divided by k.
58
Let i be 0 - -5 - -1*20. Suppose -5*q = -10*q + i, -52 = -3*w + 4*q. Let g = -62 + 229. Calculate the remainder when g is divided by w.
23
Let b = 677 + -344. Suppose -b = -5*u - 4*u. Suppose 2*z = -7*z + 90. Calculate the remainder when u is divided by z.
7
Let h(d) = -d**2 + 7*d + 1. Let s be h(7). What is the remainder when (-56)/(-8) - (-3)/s is divided by 3 + -1*(2 + -2)?
1
Suppose 0 = -3*t + 6, q - 2*t - 579 = 44. Calculate the remainder when q is divided by 90.
87
Let d(i) = i**3 - 110*i**2 + 530*i + 209. What is the remainder when 2948 is divided by d(105)?
12
Let s be (16 - -2) + (-10 - -11). Let y be s - 4*(-1)/(-2). Suppose -44 = -f - y. Calculate the remainder when 107 is divided by f.
26
Suppose -5*l - 1 = -26. Let j be (3 - (-148)/12) + (-2)/6. Suppose -j*h - 20*h + 665 = 0. Calculate the remainder when h is divided by l.
4
Suppose 81*g - 838 - 1430 = 0. Calculate the remainder when 507 is divided by g.
3
Let i = 26863 - 26586. What is the remainder when 992 is divided by i?
161
Let n be (-2)/(-11) + 31/11*1. Suppose 10*p = n*p + 875. What is the remainder when p is divided by 21?
20
What is the remainder when ((-5)/(-2) + -1)*(-6880)/96*-10 is divided by 14?
11
Let o = 41 + -37. Suppose -5*l + 71 = -4*l + 4*r, 0 = -o*r + 20. What is the remainder when 106 is divided by l?
4
Let w(k) = -31*k - 1. Let z = -127 - 25. Let t = 183 + z. What is the remainder when w(-3) is divided by t?
30
Suppose u + 457 = 5*b, -2*b - 2*b + 5*u = -374. Suppose 89 = 3*r - b. Suppose -2*h + 34 = 2*t + h, r = 4*t + 2*h. What is the remainder when 33 is divided by t?
5
Suppose -22 = 5*i - 34*i + 442. What is the remainder when 1869 is divided by i?
13
Suppose -2033 = -3*q + 5*t, -t = 5*q - 4*t - 3383. Suppose q = 25*y + y. Calculate the remainder when y is divided by 10.
6
Suppose -3*n + 1798 = 20*n - 9426. What is the remainder when n is divided by 240?
8
Suppose 4*k + 2 = 10. Suppose -k*u - 30 = -18. Calculate the remainder when 5/(2 - 2/(-8)*u) is divided by 3.
1
Let m(r) = -r**3 + 109*r**2 + 225*r - 311. Calculate the remainder when 541 is divided by m(111).
13
Let x be (-4)/14 - (21764/(-7))/4. Suppose 38*h - x = 17*h. What is the remainder when 257 is divided by h?
35
Let a be (-8)/(-40) + 1368/